ctors of j.
2, 3, 5
Suppose 3*z = 2*z + 88. What are the prime factors of z?
2, 11
Suppose t - 31 = -5*o, -2*t - 2 = -o + 2*t. Let w(g) = -g**3 + 7*g**2 - g - 6. List the prime factors of w(o).
2, 3
Let k(r) = -4*r - 3. Let l be (8/(-4))/(2/3). Let t be k(l). Suppose -4*f - 30 = -t*f. What are the prime factors of f?
2, 3
Let k(l) be the second derivative of l**5/20 + 2*l**4/3 - l**3/2 - l**2 - 2*l. What are the prime factors of k(-8)?
2, 11
Let x(l) = l**2 + 4*l + 3. What are the prime factors of x(4)?
5, 7
Let o(f) = -f**2 - 5*f - 1. Let p be o(-4). Suppose 0 = 5*t + 3*v - 26, p*v = 2*t - 0*v - 2. List the prime factors of t.
2
Let u(k) = 6*k - 2. Suppose -2*j + 4 = -7*j + 3*x, -2*x + 5 = -j. What are the prime factors of u(j)?
2
Suppose s + 47 = 2*s. List the prime factors of s.
47
Suppose 2*j - 7*j + 10 = 0, -3*l + 32 = 4*j. What are the prime factors of l?
2
Suppose 5*n - 54 = -4*f, -3 + 6 = 3*f. What are the prime factors of n?
2, 5
Let u = -104 + 264. List the prime factors of u.
2, 5
Suppose -3*f - 2*t + t = -263, 0 = -3*f + 4*t + 238. Suppose c - f = -c. What are the prime factors of c?
43
List the prime factors of ((-3)/2)/(39/(-1612)).
2, 31
Let u be -2*6*3/(-4). Let f = 0 + u. Suppose -4*s = -f*s + 40. What are the prime factors of s?
2
Let w be ((-20)/(-25))/((-1)/(-5)). Suppose 0 = -o + w*o. Suppose -y = -3*v + 4, -10 + o = -4*y - v. List the prime factors of y.
2
Suppose -2*g + 115 - 57 = 0. What are the prime factors of g?
29
Let m = 20 - 4. Let x = m + 2. What are the prime factors of x?
2, 3
Let q be (2 + 1)*60/(-18). Let y = -3 - q. What are the prime factors of y?
7
Let f = -25 + 44. What are the prime factors of f?
19
Let q be 2 - (6/(-2) - 2). Suppose -q = 2*d - 45. What are the prime factors of d?
19
Suppose 6*z - 2*z = 0, -3*z = -2*g + 216. Suppose 2*v + g = 4*h, 0 = -h - 4*v + v + 27. What are the prime factors of h?
3
Let g be 2 + (-1 - (-2 + 5)). List the prime factors of (4/8)/(g/(-44)).
11
Let j(t) = 5*t**2 - t - 1. Let d be j(2). Let v = d + -12. What are the prime factors of v?
5
Let y = 29 + -20. Suppose -y = 3*a - 0. List the prime factors of (-58)/(-6) + 2/a.
3
Suppose 0*d = -3*d + 24. Let l(y) = -y**3 + 8*y**2 + 3*y - 7. What are the prime factors of l(d)?
17
What are the prime factors of (24/(-5) + 4)*30/(-4)?
2, 3
List the prime factors of 168 + (-4)/(-8)*-4.
2, 83
Let k be (-3)/(-2) + 7/2. Suppose k = y - 6*y. What are the prime factors of ((-1)/2)/(y/38)?
19
Suppose -l - 3*k + 8 = -0*k, -5*k = -3*l + 10. What are the prime factors of l?
5
Let z(f) = 3*f**2 - f + 5. Let n(c) = 10*c**2 - 2*c + 16. Let x(v) = -2*n(v) + 7*z(v). List the prime factors of x(5).
13
Let k(v) = -v**3 - 18*v**2 + 18*v + 24. Let l = -14 + -5. What are the prime factors of k(l)?
43
Let z(q) = 3*q**2 - 4*q + 4. List the prime factors of z(2).
2
Suppose 60 = 2*x - 7*x. Let d = x - -18. List the prime factors of d.
2, 3
Suppose 5*c - 4*t = 228 - 35, 2*c - 3*t - 73 = 0. List the prime factors of c.
41
Suppose 148 = n + 2*f, 3*n = -5*f - 92 + 535. What are the prime factors of n?
2, 73
Let c be 4 - 1 - (0 + 1). Suppose -5*v + 218 + c = 0. Suppose -2*w + 12 = -2*t, 0 = 4*w - 0*w + t - v. List the prime factors of w.
2, 5
Let a = 1 + 0. Let t be 14 + (-2 - 0/a). Suppose t = -l + 4*l. What are the prime factors of l?
2
Let o(m) = m**2 - 10*m + 27. List the prime factors of o(11).
2, 19
Let y(s) = 3*s**2. Let q be y(-1). Suppose 28 = n - 3*f + 5*f, 5*n = 2*f + 200. Suppose 15 = 4*z - q*v - 31, 4*z + v = n. List the prime factors of z.
2, 5
Let b(d) = 9*d. Let m be b(1). Suppose -3 = 3*a - m. List the prime factors of a.
2
Suppose 5*n = -3*c + 10, 8 = 4*n + 7*c - 2*c. Suppose n*h = 7*h - 20. Suppose 3*x - 5*d + 6 = 2, -h*x = 2*d - 38. List the prime factors of x.
7
Let u = 70 + 86. List the prime factors of u.
2, 3, 13
Let s(j) = -j**3 + 4*j**2 + 1. Let d = -8 + 19. Let r(y) = 6*y**3 - 20*y**2 - y - 6. Let l(p) = d*s(p) + 2*r(p). List the prime factors of l(-2).
11
What are the prime factors of (-664)/(-3) - 15/45?
13, 17
Suppose 4*z - 4*x = x + 58, 4*z - 70 = -x. List the prime factors of z.
17
Let k = 3 - 0. Suppose -f = 2*m - 12, 2*f - k*m = -4 + 14. List the prime factors of f.
2
Suppose 18*l - 2142 = 4*l. What are the prime factors of l?
3, 17
Let i(t) = 10*t**3 + 3*t**2 - 4*t + 2. List the prime factors of i(1).
11
Suppose 2*p = -5*r - 14, 1 - 9 = 4*p + 5*r. Let d(k) = -3 - 3*k - 1 + 2*k**2 + 3 - 2. List the prime factors of d(p).
2, 3
Suppose 0*g = 2*g. Suppose 2*x - 7*x = g. What are the prime factors of (-8)/(-1 - x) - 1?
7
Let b be (-2)/(-1 + 33/39). Let i = b - -8. Suppose i = 3*o + 3. List the prime factors of o.
2, 3
Let h be 15/(3 + 0) - -2. Suppose -3*r - 24 = -h*r. List the prime factors of (4/r)/((-6)/(-27)).
3
Suppose g + 3*g + 3*f = 23, 5*f = 5*g - 20. Suppose 0 = 2*u - 2*w - 92, 3*w = 5*u + 4*w - 248. Suppose -g*l = -u + 14. List the prime factors of l.
7
What are the prime factors of ((-4)/22 - 55278/(-198)) + 3?
2, 3, 47
What are the prime factors of 0 - (256/48)/(4/(-18))?
2, 3
Suppose -3*z + 6 = -0*z. Suppose 2*t + z*t - 20 = 0. Suppose 3*a + 14 = t*a. List the prime factors of a.
7
Let o be (-4)/(-6)*3 - -6. Let s(t) = 2*t**2 + 2 - 7*t - 2*t**2 + t**2. List the prime factors of s(o).
2, 5
Let f(t) = -t**3 - 3*t - 2. List the prime factors of f(-2).
2, 3
Let v(m) = -m**3 - 8*m**2 + 12*m + 10. List the prime factors of v(-10).
2, 3, 5
Suppose 3*p - 13 = 62. What are the prime factors of p?
5
Suppose 0 = -5*w - 5*k + 115, 3*k - 37 = -2*w + 4*k. What are the prime factors of w?
2, 5
Let f(b) = -12*b - 26. What are the prime factors of f(-12)?
2, 59
Let a(d) = -3*d**2 + 16*d + 5. Let x(s) = s**2 - 8*s - 2. Let l(y) = -2*a(y) - 5*x(y). What are the prime factors of l(-9)?
3
Let t = 10 - 4. Let s(g) = 3*g - 7. List the prime factors of s(t).
11
Let o(l) = -18*l**2 + l + 1. Let g be o(-1). Suppose 2*a = 3*d + 69, 3*d - 5*a = 15 - 75. Let z = g - d. List the prime factors of z.
7
Let r(v) = 2*v**2 + 9*v - 24. List the prime factors of r(5).
71
Let u(z) = 180*z - 81. Let p(j) = 18*j - 8. Let w(n) = 21*p(n) - 2*u(n). What are the prime factors of w(3)?
2, 3
Let u(a) = 7*a - 3. Let x be u(3). Suppose i - 2*r - 9 = x, 0 = -2*i + 3*r + 53. What are the prime factors of i?
5
Let a(q) = 2*q - 9. Let y be a(6). Suppose 0 = -2*m + 5*u - y + 23, u - 84 = -4*m. What are the prime factors of m?
2, 5
Suppose 16 = r - 3. Suppose 1 = -3*u + r. List the prime factors of u.
2, 3
Suppose 98 = k - 1. What are the prime factors of k?
3, 11
Let m = -1 - -15. Suppose 54 - m = 2*d. Suppose 5*o = d - 0. List the prime factors of o.
2
Suppose 2*h + 1 = 7. Let q = h + 9. List the prime factors of q.
2, 3
Suppose 25 = 3*t - 8. What are the prime factors of t?
11
Let n(u) = 2*u**2 - 11*u - 8. Let j be n(6). Let a(b) = 12*b**2 - 2*b - 4. List the prime factors of a(j).
2, 3
Suppose 0*f - 504 = -4*a - 3*f, 126 = a + 2*f. List the prime factors of a.
2, 3, 7
Suppose 0 = -2*k - k - v + 31, 0 = 3*v - 3. Let u = -6 + k. List the prime factors of u.
2
Let s be 6/2 + 2 + 0. Suppose 32 = s*z - 3*z. What are the prime factors of z?
2
Let w be -1 + 2*-1 + 3. Let h(f) = f**3 - f. Let c be h(w). List the prime factors of (-10)/(-2)*(c - -1).
5
Let h(w) = 208*w**2 - 3*w + 1. List the prime factors of h(1).
2, 103
Let d be 14*3/(-12)*-2. Suppose 10 = -2*g + d*g. Suppose -g*h = -3*w + 22, -2*w + w + 9 = h. List the prime factors of w.
2
Let l = -3 - -5. Suppose 5*g = -j + 21 + 42, 0 = 3*g - l*j - 43. Let p = -9 + g. What are the prime factors of p?
2
Let o(a) = a**3 + 7*a**2 - 12*a - 12. Let u(w) = w**3 - 6*w**2 - 8. Let v be u(6). List the prime factors of o(v).
2, 5
Let y(g) = g**2 + g + 2. Let z be y(-2). Let n be 3/(-2)*8/6. What are the prime factors of (-4)/n + z*1?
2, 3
Let w(n) = -n**3 + 7*n**2 + 1. Let y be w(7). What are the prime factors of y + (-2 - -3 - -9)?
11
Let d = 21 + -14. Suppose 0 = -3*c + d + 38. List the prime factors of c.
3, 5
Let t(v) = 10*v**2 + 4*v - 3. What are the prime factors of t(2)?
3, 5
Let j = -15 - -4. Let a = -1 - j. What are the prime factors of a?
2, 5
Let n(l) = l**3 + 9*l**2 - 7*l - 4. List the prime factors of n(-8).
2, 29
What are the prime factors of 308/3 - 1 - (-5)/15?
2, 3, 17
Suppose 2*j + 4*q = 94, -2*q + 5*q + 300 =